isor of 240 and j.
48
Let u = -264 + 281. Suppose u*t - 4 - 217 = 0. Calculate the greatest common divisor of 221 and t.
13
Let r be (((-258)/(-8))/(-1))/(6/(-8)). What is the greatest common factor of r and 1849?
43
Suppose -873 = 20*h + 307. Let g = 90 + h. Calculate the highest common factor of 93 and g.
31
Suppose 0 = -59*k + 52*k + 77. Let g be ((-12)/14)/(3*k/(-1848)). What is the greatest common divisor of 744 and g?
24
Suppose -a = -5*m + 47434, 5*m + a - 14928 = 32488. What is the highest common factor of m and 14?
7
Let k be 21/((-231)/(-22)) - -13. Suppose -3*l + 32 + 139 = 0. Let r = l + k. Calculate the greatest common factor of 8 and r.
8
Let o = -140 - -161. What is the greatest common divisor of o and 201?
3
Suppose 0 = -12*p + 445 + 599. Suppose 3*t - p = -81. Calculate the greatest common divisor of 8 and t.
2
Suppose d - 3 = 0, 4*k - d = 5*k - 149. What is the greatest common divisor of k and 4234?
146
Let m(u) = -u**2 + 8*u - 3. Let g be m(7). Suppose 5*t = -9*c + 34 + 22, 3*c = -4*t + 28. Calculate the greatest common divisor of g and t.
4
Let y(o) = -206*o + 3216. Let l be y(-2). Calculate the highest common factor of l and 8.
4
Let m be ((-726)/(-1452))/(-1 - 682/(-680)). Calculate the highest common factor of 272 and m.
34
Let u(c) = -8*c - 12. Let n(j) = -j + 1. Let z(g) = 10*n(g) - 2*u(g). Suppose 4*k - 6*k = -18. Let h be z(k). What is the highest common factor of 33 and h?
11
Let r = 69 + -65. Let j = r + 0. Suppose -v - 189 = -j*v. Calculate the greatest common divisor of 84 and v.
21
Let z be ((-4)/(-6))/((-37016)/(-18504) - 2). Suppose 3*h + 1165 = -0*h + 5*i, z = -4*h + i. Let l = h - -569. What is the greatest common factor of l and 23?
23
Let d(a) = 845*a**2 + 225*a + 462. Let w be d(-2). What is the highest common factor of w and 530?
106
Let r be (-60)/100*(-40)/(-156) - (-98518)/26. What is the highest common divisor of 18 and r?
9
Let u(w) = 8*w - 80. Let i be u(9). Let t(f) = -13*f - 4. Let z be t(i). Calculate the greatest common divisor of 75 and z.
25
Suppose -o + 400 = 3*o + 2*q, -2*q = -2*o + 194. Let i = -26 + o. What is the highest common factor of i and 73?
73
Let o(q) = -2*q + 20. Let y be o(11). Let d be (16/(-10))/(y + 21/10). Let l = d + 37. Calculate the greatest common factor of l and 3.
3
Let l = -57133 - -57261. Let v = -32 + 112. What is the highest common factor of l and v?
16
Let c = 946 + -1481. Let b be 6/(-5 - c/105). What is the highest common divisor of b and 7?
7
Let l be ((-2130)/36 + 7)/((-2)/12). Let k = 428 - l. What is the greatest common factor of k and 161?
23
Suppose 0 = 2*v + 5*f - 1151 - 1959, 3*f - 1556 = -v. Calculate the highest common divisor of v and 124.
62
Suppose 5 = -10*v + 11*v. Suppose -v*x = -x + 8. Let a be (-6270)/(-45) - (4/3)/x. Calculate the highest common divisor of 35 and a.
35
Suppose -w - 3722 - 5329 = -f, -2*f - 4*w = -18060. What is the highest common factor of 38 and f?
38
Suppose 5*v = 3*f - 6260, 10440 = 5*f + 44*v - 49*v. Calculate the greatest common divisor of 1330 and f.
190
Let b = -1103 - -1149. Let p be (-2)/3 - (-560)/12. Suppose y + y = p. What is the highest common divisor of y and b?
23
Let c(t) = 2*t - 2. Let z be c(11). Suppose 4*x - 132 = z. Suppose 2 = -f + x. Calculate the highest common factor of 36 and f.
36
Let i be (-2)/6*-1 - 1092/(-18). Suppose 5*x - 326 = 2*a, -2*x - 2*a + 153 - 31 = 0. Suppose -x*n + 117 = -i*n. What is the greatest common factor of n and 156?
39
Suppose -32 = -10*z - 22*z. Suppose 0 = 5*b + m - 0*m - 55, -z = 2*b + 5*m. What is the greatest common factor of 15 and b?
3
Let j(a) = -13*a + 0*a**3 - 4*a + 15*a - a**3 + 2 + 5*a**2 + 0*a**2. Let y = 10 - 8. Let u be j(y). What is the highest common factor of 4 and u?
2
Let q(s) = -7*s + 645. Let f be q(87). What is the greatest common divisor of f and 3078?
18
Let x be (36/(-10))/((-7)/35). Let v be (-15 + 7 + -4)*-12. What is the highest common divisor of v and x?
18
Let s be (-152)/(-32) + -4 + (-1)/(-4). Let z = 7 - s. Let o be (1*38)/(4 + (-12)/z). What is the highest common factor of 209 and o?
19
Suppose -6 = -a - 2*j, -2*a - a = -2*j - 34. Let w = 10721 + -10701. What is the greatest common divisor of w and a?
10
Suppose -2*u + 2*a + 86170 = 0, 3*u - 203231 + 74024 = -5*a. What is the highest common divisor of 23 and u?
23
Suppose -2*k + 4*k = 32. Let z = 8190 + -8174. What is the greatest common factor of z and k?
16
Suppose 0 = f - 3*v, 2*f - 4*v = f - 1. Let c = -391 - -391. Suppose c = -f*h + 146 - 56. Calculate the greatest common divisor of 240 and h.
30
Suppose -1230 - 1906 = -14*d. What is the greatest common factor of d and 14?
14
Suppose 160*a = 163*a - 18. Let q = a + 64. What is the highest common factor of 42 and q?
14
Let f(p) = -9*p**2 + 27*p + 60. Let i(m) = -11*m**2 + 27*m + 59. Let o(a) = -6*f(a) + 5*i(a). Let x be o(-3). What is the greatest common divisor of 469 and x?
7
Suppose -5*d + d - 5*x = -17289, -2*d + 8697 = -5*x. What is the greatest common factor of 183 and d?
61
Suppose -3*w + 935 = 4*l, -6*l - 1505 = -5*w - 2*l. Suppose 5*q = f + 3*f - w, 0 = -2*f - q + 135. What is the highest common factor of 28 and f?
14
Suppose -8*u = -1043 - 469. Suppose 0 = 3*c + 3*w - 549 + u, 0 = 4*c - 5*w - 480. Calculate the highest common factor of 30 and c.
30
Let l = 7 - 5. Suppose -l*s + 6*s = 4. Suppose -3*x = -5*h - 26, -2*x + 58*h = 62*h - 10. What is the highest common divisor of x and s?
1
Let a(n) = 647*n**2 + 153*n - 1055. Let k be a(7). What is the highest common divisor of 218 and k?
109
Let x be -1 + 1 + -2 + 5 + 23. Let g = -23 + x. Calculate the highest common divisor of g and 3.
3
Let d be -101 + 0 + (-1 - 2/(-1)). Let o = d - -100. Let y be -3 + 5 + (1 - o - 2). What is the greatest common factor of 3 and y?
1
Let f be (1*-12 + 1)*-4. Let w be 2/(-2) - (-50 - -72). Let y(t) = t**3 + 22*t**2 - 24*t - 12. Let x be y(w). What is the highest common divisor of x and f?
11
Let f(x) = 21*x**2 + 14*x + 77. Let o be f(-4). What is the highest common divisor of o and 693?
21
Let n = 481 + -411. Let j = -30 + n. Calculate the greatest common divisor of 680 and j.
40
Let u be ((-396716)/(-18) - 4) + (-14)/(-63). Calculate the highest common factor of u and 56.
28
Suppose 3*h - 20 = -2*h + w, -4*w + 45 = 5*h. Suppose -h*b = -3*r + 6*r - 31, 0 = -b - 4. Calculate the highest common factor of 51 and r.
17
Let b = 19766 - 19405. Calculate the highest common factor of b and 475.
19
Let y = -2312 + 2324. Let k = -83 + 137. What is the greatest common factor of y and k?
6
Let w(z) = -2*z**3 + 2*z**2 - z - 2. Let l be w(-2). Suppose 264*d - 7485 = 15747. Calculate the highest common divisor of d and l.
8
Suppose 25527*s - 25504*s + 29 - 420 = 0. Calculate the highest common divisor of 27319 and s.
17
Suppose 0*b + 24 = 3*v - 5*b, -15 = 5*b. Suppose 4*u - v*u - 3*k - 44 = 0, 3*u - 5*k = 112. What is the greatest common factor of u and 2?
1
Suppose -10*s + 48*s - 2736 = 0. Suppose -19*r = -413 - 727. What is the highest common divisor of r and s?
12
Let g be (-3)/(27/(-2)) - 8/36. Suppose 7*s - 113 - 55 = g. What is the highest common divisor of 8 and s?
8
Let m = -9474 - -9563. Calculate the greatest common factor of m and 623.
89
Let r be (-1*14)/(5/15). Let z be (0 + -4)*r/8. Let a = -145 + 292. Calculate the greatest common divisor of z and a.
21
Let y be (-22)/(-5) - (-12)/(-30). Suppose 4*s = c - 37, -y*c + 5*s + 73 = 4*s. What is the greatest common divisor of c and 85?
17
Let h = -140 + 130. Let q(y) = y + 16. Let d be q(h). Let k = 63 - -27. What is the highest common factor of d and k?
6
Let m = -12233 + 12528. What is the highest common divisor of 177 and m?
59
Let v = -410 + 404. Let d be (27/3)/1 - v. Calculate the highest common divisor of d and 60.
15
Let n(m) = -m**2 - 14*m + 4. Let k be n(-12). Let b(z) = z**3 + 3*z**2 - z + 3. Let f be b(-3). Let w = 34 - f. What is the greatest common factor of w and k?
28
Let o(m) = -2*m + 71. Let g be o(-5). Suppose u + 27 = g. What is the greatest common divisor of 135 and u?
27
Let r(z) = z**3 + 4*z**2 - 11*z - 24. Let o be r(-3). Let j be (-13053)/(-285) + o/(-10). Calculate the greatest common divisor of 11 and j.
11
Suppose 4*k - 68 = 3*c + 563, -5*c - 795 = -5*k. Calculate the great